{"id":578,"date":"2021-10-23T21:39:46","date_gmt":"2021-10-23T19:39:46","guid":{"rendered":"https:\/\/www.artistsbookmartin.sk\/?page_id=578"},"modified":"2025-03-24T13:14:46","modified_gmt":"2025-03-24T12:14:46","slug":"tomas-klepoch-jan-cumilsky-palo-cejka","status":"publish","type":"page","link":"https:\/\/www.artistsbookmartin.sk\/en\/autori_abecedne\/tomas-klepoch-jan-cumilsky-palo-cejka\/","title":{"rendered":"Tom\u00e1\u0161 Klepoch, J\u00e1n \u010cumilsky, Pa\u013eo \u010cejka,"},"content":{"rendered":"<figure class=\"wp-block-image size-full\"><img loading=\"lazy\" width=\"1002\" height=\"668\" src=\"https:\/\/www.artistsbookmartin.sk\/wp-content\/uploads\/2021\/10\/Toma\u0301s\u030c-Klepoch-Ja\u0301n-C\u030cumilsky-Pal\u030co-C\u030cejka-1.jpg\" alt=\"\" class=\"wp-image-579\" srcset=\"https:\/\/www.artistsbookmartin.sk\/wp-content\/uploads\/2021\/10\/Toma\u0301s\u030c-Klepoch-Ja\u0301n-C\u030cumilsky-Pal\u030co-C\u030cejka-1.jpg 1002w, https:\/\/www.artistsbookmartin.sk\/wp-content\/uploads\/2021\/10\/Toma\u0301s\u030c-Klepoch-Ja\u0301n-C\u030cumilsky-Pal\u030co-C\u030cejka-1-300x200.jpg 300w, https:\/\/www.artistsbookmartin.sk\/wp-content\/uploads\/2021\/10\/Toma\u0301s\u030c-Klepoch-Ja\u0301n-C\u030cumilsky-Pal\u030co-C\u030cejka-1-768x512.jpg 768w\" sizes=\"(max-width: 1002px) 100vw, 1002px\" \/><\/figure>\n\n\n\n<figure class=\"wp-block-image size-full\"><img loading=\"lazy\" width=\"1002\" height=\"668\" src=\"https:\/\/www.artistsbookmartin.sk\/wp-content\/uploads\/2021\/10\/Toma\u0301s\u030c-Klepoch-Ja\u0301n-C\u030cumilsky-Pal\u030co-C\u030cejka-2.jpg\" alt=\"\" class=\"wp-image-580\" srcset=\"https:\/\/www.artistsbookmartin.sk\/wp-content\/uploads\/2021\/10\/Toma\u0301s\u030c-Klepoch-Ja\u0301n-C\u030cumilsky-Pal\u030co-C\u030cejka-2.jpg 1002w, https:\/\/www.artistsbookmartin.sk\/wp-content\/uploads\/2021\/10\/Toma\u0301s\u030c-Klepoch-Ja\u0301n-C\u030cumilsky-Pal\u030co-C\u030cejka-2-300x200.jpg 300w, https:\/\/www.artistsbookmartin.sk\/wp-content\/uploads\/2021\/10\/Toma\u0301s\u030c-Klepoch-Ja\u0301n-C\u030cumilsky-Pal\u030co-C\u030cejka-2-768x512.jpg 768w\" sizes=\"(max-width: 1002px) 100vw, 1002px\" \/><\/figure>\n\n\n\n<p><strong>V znamen\u00ed pentody \/ <em>In the Sign of the Pentode<\/em><\/strong><\/p>\n\n\n\n<p>2018<\/p>","protected":false},"excerpt":{"rendered":"<p>V znamen\u00ed pentody \/ In the Sign of the Pentode 2018<\/p>","protected":false},"author":2,"featured_media":0,"parent":54,"menu_order":0,"comment_status":"closed","ping_status":"closed","template":"","meta":{"_monsterinsights_skip_tracking":false,"_monsterinsights_sitenote_active":false,"_monsterinsights_sitenote_note":"","_monsterinsights_sitenote_category":0,"two_page_speed":[]},"_links":{"self":[{"href":"https:\/\/www.artistsbookmartin.sk\/en\/wp-json\/wp\/v2\/pages\/578"}],"collection":[{"href":"https:\/\/www.artistsbookmartin.sk\/en\/wp-json\/wp\/v2\/pages"}],"about":[{"href":"https:\/\/www.artistsbookmartin.sk\/en\/wp-json\/wp\/v2\/types\/page"}],"author":[{"embeddable":true,"href":"https:\/\/www.artistsbookmartin.sk\/en\/wp-json\/wp\/v2\/users\/2"}],"replies":[{"embeddable":true,"href":"https:\/\/www.artistsbookmartin.sk\/en\/wp-json\/wp\/v2\/comments?post=578"}],"version-history":[{"count":2,"href":"https:\/\/www.artistsbookmartin.sk\/en\/wp-json\/wp\/v2\/pages\/578\/revisions"}],"predecessor-version":[{"id":1600,"href":"https:\/\/www.artistsbookmartin.sk\/en\/wp-json\/wp\/v2\/pages\/578\/revisions\/1600"}],"up":[{"embeddable":true,"href":"https:\/\/www.artistsbookmartin.sk\/en\/wp-json\/wp\/v2\/pages\/54"}],"wp:attachment":[{"href":"https:\/\/www.artistsbookmartin.sk\/en\/wp-json\/wp\/v2\/media?parent=578"}],"curies":[{"name":"wp","href":"https:\/\/api.w.org\/{rel}","templated":true}]}}

Tomáš Klepoch, Ján Čumilsky, Paľo Čejka,

<figure class="wp-block-image size-full"><img loading="lazy" width="1002" height="668" src="https://www.artistsbookmartin.sk/wp-content/uploads/2021/10/Tomáš-Klepoch-Ján-Čumilsky-Paľo-Čejka-1.jpg" alt="" class="wp-image-579" srcset="https://www.artistsbookmartin.sk/wp-content/uploads/2021/10/Tomáš-Klepoch-Ján-Čumilsky-Paľo-Čejka-1.jpg 1002w, https://www.artistsbookmartin.sk/wp-content/uploads/2021/10/Tomáš-Klepoch-Ján-Čumilsky-Paľo-Čejka-1-300x200.jpg 300w, https://www.artistsbookmartin.sk/wp-content/uploads/2021/10/Tomáš-Klepoch-Ján-Čumilsky-Paľo-Čejka-1-768x512.jpg 768w" sizes="(max-width: 1002px) 100vw, 1002px" /></figure>



<figure class="wp-block-image size-full"><img loading="lazy" width="1002" height="668" src="https://www.artistsbookmartin.sk/wp-content/uploads/2021/10/Tomáš-Klepoch-Ján-Čumilsky-Paľo-Čejka-2.jpg" alt="" class="wp-image-580" srcset="https://www.artistsbookmartin.sk/wp-content/uploads/2021/10/Tomáš-Klepoch-Ján-Čumilsky-Paľo-Čejka-2.jpg 1002w, https://www.artistsbookmartin.sk/wp-content/uploads/2021/10/Tomáš-Klepoch-Ján-Čumilsky-Paľo-Čejka-2-300x200.jpg 300w, https://www.artistsbookmartin.sk/wp-content/uploads/2021/10/Tomáš-Klepoch-Ján-Čumilsky-Paľo-Čejka-2-768x512.jpg 768w" sizes="(max-width: 1002px) 100vw, 1002px" /></figure>



<p><strong>V znamení pentody / <em>In the Sign of the Pentode</em></strong></p>



<p>2018</p>

<p>V znamení pentody / In the Sign of the Pentode 2018</p>
